f 296 and 16?
8
Calculate the highest common factor of 22 and 3806.
22
Calculate the greatest common divisor of 14 and 17318.
14
Calculate the highest common divisor of 21 and 21.
21
What is the greatest common factor of 6278 and 73?
73
Calculate the greatest common factor of 40 and 864.
8
Calculate the highest common factor of 290 and 377.
29
Calculate the highest common divisor of 144 and 4404.
12
Calculate the highest common divisor of 578 and 8194.
34
Calculate the greatest common factor of 154 and 253.
11
What is the greatest common factor of 116 and 100?
4
What is the highest common factor of 11 and 5533?
11
Calculate the greatest common factor of 138 and 23253.
69
What is the greatest common factor of 704 and 11?
11
Calculate the highest common divisor of 29 and 319.
29
Calculate the greatest common factor of 13408 and 32.
32
Calculate the greatest common factor of 450 and 36.
18
Calculate the greatest common factor of 466 and 16.
2
Calculate the greatest common factor of 98 and 3262.
14
What is the highest common factor of 334 and 1503?
167
What is the greatest common factor of 546 and 7?
7
Calculate the greatest common divisor of 22 and 19217.
11
Calculate the greatest common factor of 1274 and 98.
98
Calculate the greatest common divisor of 429 and 13.
13
Calculate the greatest common divisor of 140 and 14.
14
Calculate the greatest common divisor of 106 and 7579.
53
Calculate the greatest common factor of 409 and 1.
1
Calculate the greatest common factor of 85 and 3179.
17
What is the highest common divisor of 151 and 69913?
151
Calculate the highest common divisor of 2970 and 33.
33
What is the greatest common factor of 44 and 154?
22
What is the greatest common factor of 8350 and 450?
50
Calculate the highest common divisor of 44 and 374.
22
Calculate the highest common factor of 98526 and 6.
6
Calculate the greatest common factor of 272 and 85.
17
Calculate the greatest common divisor of 1180 and 413.
59
Calculate the highest common divisor of 141 and 7379.
47
What is the highest common divisor of 504 and 25956?
252
Calculate the greatest common divisor of 107 and 14017.
107
What is the greatest common divisor of 2183 and 185?
37
What is the greatest common factor of 168 and 5502?
42
Calculate the greatest common divisor of 5 and 895.
5
What is the greatest common factor of 91 and 2471?
7
Calculate the greatest common factor of 25 and 725.
25
Calculate the highest common factor of 272 and 16.
16
What is the greatest common factor of 3827 and 43?
43
What is the highest common factor of 275 and 110?
55
What is the greatest common divisor of 12 and 12?
12
What is the greatest common factor of 297 and 1210?
11
Calculate the highest common divisor of 224 and 2492.
28
Calculate the greatest common factor of 110 and 1510.
10
Calculate the highest common divisor of 272 and 714.
34
Calculate the greatest common divisor of 18927 and 27.
27
Calculate the highest common divisor of 11017 and 23.
23
What is the greatest common divisor of 39 and 1963?
13
Calculate the greatest common divisor of 4883 and 3598.
257
Calculate the greatest common divisor of 264 and 33.
33
Calculate the highest common divisor of 552 and 69.
69
What is the highest common factor of 32 and 1264?
16
Calculate the highest common factor of 115 and 120.
5
Calculate the highest common divisor of 266 and 1102.
38
Calculate the highest common divisor of 470 and 30.
10
What is the greatest common divisor of 10 and 610?
10
Calculate the highest common divisor of 80 and 512.
16
What is the highest common factor of 46 and 8?
2
Calculate the greatest common divisor of 4 and 16.
4
Calculate the greatest common divisor of 931 and 76.
19
Calculate the greatest common divisor of 16814 and 28.
14
What is the greatest common factor of 104 and 16?
8
What is the greatest common divisor of 931 and 323?
19
Calculate the greatest common divisor of 44 and 3102.
22
Calculate the highest common factor of 39 and 169.
13
What is the greatest common factor of 5 and 185?
5
What is the greatest common divisor of 58 and 154?
2
Calculate the highest common factor of 144 and 8244.
36
Calculate the highest common divisor of 40 and 2900.
20
What is the highest common divisor of 300 and 75?
75
Calculate the highest common divisor of 333 and 27.
9
Calculate the greatest common divisor of 60 and 24040.
20
Calculate the highest common factor of 36 and 180.
36
What is the greatest common divisor of 56 and 112?
56
What is the greatest common factor of 50 and 11025?
25
Calculate the greatest common factor of 261 and 72.
9
Calculate the greatest common divisor of 68 and 85.
17
Calculate the highest common factor of 75 and 24.
3
What is the highest common factor of 102 and 1003?
17
Calculate the highest common divisor of 6 and 108.
6
What is the highest common divisor of 40 and 168?
8
Calculate the greatest common factor of 245 and 140.
35
What is the highest common factor of 518 and 74?
74
Calculate the greatest common divisor of 589 and 38.
19
What is the highest common factor of 12 and 66?
6
Calculate the greatest common factor of 1078 and 198.
22
Calculate the highest common divisor of 6821 and 57.
19
What is the highest common factor of 8 and 32?
8
What is the highest common divisor of 37 and 999?
37
What is the highest common factor of 504 and 693?
63
What is the greatest common factor of 286 and 66?
22
What is the highest common factor of 84 and 10556?
28
What is the highest common factor of 2 and 80?
2
Calculate the greatest common factor of 305 and 122.
61
What is the highest common divisor of 140 and 22190?
70
Calculate the greatest common divisor of 5 and 2945.
5
Calculate the highest common divisor of 43 and 1763.
43
Calculate the highest common factor of 1748 and 414.
46
What is the highest common divisor of 48 and 18048?
48
Calculate the greatest common divisor of 11 and 341.
11
What is the highest common divisor of 370 and 3182?
74
What is the greatest common factor of 2662 and 22?
22
What is the greatest common divisor of 75 and 800?
25
What is the greatest common divisor of 515 and 824?
103
Calculate the greatest common factor of 130 and 442.
26
Calculate the highest common divisor of 4 and 71.
1
Calculate the greatest common divisor of 580 and 116.
116
What is the greatest common divisor of 44 and 32?
4
What is the highest common factor of 90 and 3340?
10
What is the highest common factor of 612 and 1044?
36
What is the greatest common factor of 112 and 532?
28
What is the highest common factor of 273 and 39?
39
What is the highest common factor of 8 and 1304?
8
Calculate the highest common factor of 60 and 25140.
60
Calculate the greatest common divisor of 355 and 639.
71
What is the highest common factor of 12 and 762?
6
What is the greatest common divisor of 47 and 47?
47
What is the greatest common factor of 264 and 5511?
33
What is the greatest common factor of 1770 and 14868?
354
Calculate the highest common factor of 2625 and 105.
105
Calculate the highest common factor of 1323 and 135.
27
What is the greatest common divisor of 462 and 44?
22
Calculate the greatest common factor of 96 and 352.
32
What is the greatest common divisor of 49 and 14?
7
Calculate the highest common divisor of 100 and 500.
100
Calculate the greatest common factor of 22 and 8338.
22
Calculate the greatest common divisor of 14 and 176.
2
What is the highest common factor of 2317 and 331?
331
What is the greatest common factor of 133 and 21?
7
What is the highest common divisor of 3184 and 32?
16
What is the highest common factor of 343 and 98?
49
What is the highest common divisor of 4 and 244?
4
Calculate the highest common factor of 36 and 48.
12
Calculate the highest common factor of 196 and 4.
4
What is the highest common factor of 344 and 1118?
86
Calculate the greatest common divisor of 520 and 195.
65
What is the highest common factor of 1023 and 124?
31
What is the greatest common factor of 9 and 2367?
9
Calculate the highest common divisor of 3 and 213.
3
What is the greatest common divisor of 66 and 26631?
33
Calculate the greatest common factor of 2496 and 468.
156
Calculate the greatest common divisor of 13 and 403.
13
What is the greatest common divisor of 16854 and 636?
318
Calculate the highest